{"id":269,"date":"2017-02-03T18:44:48","date_gmt":"2017-02-03T16:44:48","guid":{"rendered":"http:\/\/marktplatz-rabenberg.de\/?page_id=269"},"modified":"2020-11-25T11:54:14","modified_gmt":"2020-11-25T09:54:14","slug":"wiederaufbau-fussgaengerbruecke","status":"publish","type":"page","link":"http:\/\/marktplatz-rabenberg.de\/?page_id=269","title":{"rendered":"Wiederaufbau Fu\u00dfg\u00e4ngerbr\u00fccke"},"content":{"rendered":"<div id=\"attachment_328\" style=\"width: 235px\" class=\"wp-caption alignright\"><img aria-describedby=\"caption-attachment-328\" decoding=\"async\" loading=\"lazy\" class=\"size-medium wp-image-328\" src=\"http:\/\/marktplatz-rabenberg.de\/wp-content\/uploads\/Gesperrt-225x300.jpg\" alt=\"Baul\u00fccke Fu\u00dfg\u00e4ngerbr\u00fccke Braunschweiger Stra\u00dfe\" width=\"225\" height=\"300\" srcset=\"http:\/\/marktplatz-rabenberg.de\/wp-content\/uploads\/Gesperrt-225x300.jpg 225w, http:\/\/marktplatz-rabenberg.de\/wp-content\/uploads\/Gesperrt.jpg 386w\" sizes=\"(max-width: 225px) 100vw, 225px\" \/><p id=\"caption-attachment-328\" class=\"wp-caption-text\">Baul\u00fccke Fu\u00dfg\u00e4ngerbr\u00fccke Braunschweiger Stra\u00dfe<\/p><\/div>\n<p lang=\"zxx\">Im Herbst 2015 ist die Fu\u00dfg\u00e4nger -und Radfahrerbr\u00fccke \u00fcber die Braunschweiger Stra\u00dfe in H\u00f6he Detmerode-Rastst\u00e4tte eingest\u00fcrtzt. Ich habe deshalb bei der Stadtverwaltung angefragt, wann mit einem Neubau zu rechnen ist. Die Stadtverwaltung rechnet mit einem Baubeginn um den Jahreswechsel 2018\/19 herum. <a href=\"http:\/\/marktplatz-rabenberg.de\/anregungen\/stadtweit\/fussgaengerbruecke\/Baubeginn.pdf\"  target=\"_blank\" rel=\"noopener\"  target=\"_blank\" rel=\"noopener\">Hier <\/a>ist der gesamte Schriftverkehr per eMail zu diesem Thema.<\/p>\n<p lang=\"zxx\">Der aktuelle Planungsstand kann <a href=\"https:\/\/www.wolfsburg.de\/zusammenruecken\"  target=\"_blank\" rel=\"external nofollow\"   class=\"wp-links-icon\">hier<\/a> eingesehen werden.<\/p>\n","protected":false},"excerpt":{"rendered":"<p>Im Herbst 2015 ist die Fu\u00dfg\u00e4nger -und Radfahrerbr\u00fccke \u00fcber die Braunschweiger Stra\u00dfe in H\u00f6he Detmerode-Rastst\u00e4tte eingest\u00fcrtzt. Ich habe deshalb bei der Stadtverwaltung angefragt, wann mit einem Neubau zu rechnen ist. Die Stadtverwaltung rechnet mit einem Baubeginn um den Jahreswechsel 2018\/19 herum. Hier ist der gesamte Schriftverkehr per eMail zu diesem Thema. Der aktuelle Planungsstand kann [&hellip;]<\/p>\n","protected":false},"author":2,"featured_media":0,"parent":55,"menu_order":0,"comment_status":"closed","ping_status":"closed","template":"","meta":[],"_links":{"self":[{"href":"http:\/\/marktplatz-rabenberg.de\/index.php?rest_route=\/wp\/v2\/pages\/269"}],"collection":[{"href":"http:\/\/marktplatz-rabenberg.de\/index.php?rest_route=\/wp\/v2\/pages"}],"about":[{"href":"http:\/\/marktplatz-rabenberg.de\/index.php?rest_route=\/wp\/v2\/types\/page"}],"author":[{"embeddable":true,"href":"http:\/\/marktplatz-rabenberg.de\/index.php?rest_route=\/wp\/v2\/users\/2"}],"replies":[{"embeddable":true,"href":"http:\/\/marktplatz-rabenberg.de\/index.php?rest_route=%2Fwp%2Fv2%2Fcomments&post=269"}],"version-history":[{"count":8,"href":"http:\/\/marktplatz-rabenberg.de\/index.php?rest_route=\/wp\/v2\/pages\/269\/revisions"}],"predecessor-version":[{"id":516,"href":"http:\/\/marktplatz-rabenberg.de\/index.php?rest_route=\/wp\/v2\/pages\/269\/revisions\/516"}],"up":[{"embeddable":true,"href":"http:\/\/marktplatz-rabenberg.de\/index.php?rest_route=\/wp\/v2\/pages\/55"}],"wp:attachment":[{"href":"http:\/\/marktplatz-rabenberg.de\/index.php?rest_route=%2Fwp%2Fv2%2Fmedia&parent=269"}],"curies":[{"name":"wp","href":"https:\/\/api.w.org\/{rel}","templated":true}]}}

Wiederaufbau Fußgängerbrücke

<div id="attachment_328" style="width: 235px" class="wp-caption alignright"><img aria-describedby="caption-attachment-328" decoding="async" loading="lazy" class="size-medium wp-image-328" src="http://marktplatz-rabenberg.de/wp-content/uploads/Gesperrt-225x300.jpg" alt="Baulücke Fußgängerbrücke Braunschweiger Straße" width="225" height="300" srcset="http://marktplatz-rabenberg.de/wp-content/uploads/Gesperrt-225x300.jpg 225w, http://marktplatz-rabenberg.de/wp-content/uploads/Gesperrt.jpg 386w" sizes="(max-width: 225px) 100vw, 225px" /><p id="caption-attachment-328" class="wp-caption-text">Baulücke Fußgängerbrücke Braunschweiger Straße</p></div>
<p lang="zxx">Im Herbst 2015 ist die Fußgänger -und Radfahrerbrücke über die Braunschweiger Straße in Höhe Detmerode-Raststätte eingestürtzt. Ich habe deshalb bei der Stadtverwaltung angefragt, wann mit einem Neubau zu rechnen ist. Die Stadtverwaltung rechnet mit einem Baubeginn um den Jahreswechsel 2018/19 herum. <a href="http://marktplatz-rabenberg.de/anregungen/stadtweit/fussgaengerbruecke/Baubeginn.pdf"  target="_blank" rel="noopener"  target="_blank" rel="noopener">Hier </a>ist der gesamte Schriftverkehr per eMail zu diesem Thema.</p>
<p lang="zxx">Der aktuelle Planungsstand kann <a href="https://www.wolfsburg.de/zusammenruecken"  target="_blank" rel="external nofollow"   class="wp-links-icon">hier</a> eingesehen werden.</p>

<p>Im Herbst 2015 ist die Fußgänger -und Radfahrerbrücke über die Braunschweiger Straße in Höhe Detmerode-Raststätte eingestürtzt. Ich habe deshalb bei der Stadtverwaltung angefragt, wann mit einem Neubau zu rechnen ist. Die Stadtverwaltung rechnet mit einem Baubeginn um den Jahreswechsel 2018/19 herum. Hier ist der gesamte Schriftverkehr per eMail zu diesem Thema. Der aktuelle Planungsstand kann [&hellip;]</p>
