{"id":204,"date":"2016-05-25T16:46:05","date_gmt":"2016-05-25T14:46:05","guid":{"rendered":"http:\/\/marktplatz-rabenberg.de\/?page_id=204"},"modified":"2016-06-15T16:34:55","modified_gmt":"2016-06-15T14:34:55","slug":"bluehflaechen","status":"publish","type":"page","link":"https:\/\/marktplatz-rabenberg.de\/?page_id=204","title":{"rendered":"Bl\u00fchfl\u00e4chen"},"content":{"rendered":"<div id=\"attachment_205\" style=\"width: 235px\" class=\"wp-caption alignright\"><img aria-describedby=\"caption-attachment-205\" decoding=\"async\" loading=\"lazy\" class=\"wp-image-205 size-medium\" src=\"http:\/\/marktplatz-rabenberg.de\/wp-content\/uploads\/Bluehflaeche-Fussgaengerbruecke-225x300.jpg\" alt=\"Bluehflaeche Fussgaengerbruecke 2015\" width=\"225\" height=\"300\" srcset=\"https:\/\/marktplatz-rabenberg.de\/wp-content\/uploads\/Bluehflaeche-Fussgaengerbruecke-225x300.jpg 225w, https:\/\/marktplatz-rabenberg.de\/wp-content\/uploads\/Bluehflaeche-Fussgaengerbruecke.jpg 386w\" sizes=\"(max-width: 225px) 100vw, 225px\" \/><p id=\"caption-attachment-205\" class=\"wp-caption-text\">Bluehflaeche Fussgaengerbruecke 2015<\/p><\/div>\n<p align=\"justify\">Eine einfache, kosteng\u00fcnstige und gleichzeitig attraktive M\u00f6glichkeit der Gr\u00fcnfl\u00e4chengestaltung sind Fl\u00e4chen gemischter Wildblumen. Diese Bl\u00fchfl\u00e4chen haben schon in anderen St\u00e4dten, z.B. <a href=\"http:\/\/frag-wilma.de\/themen\/umweltnaturschutz\/bluehfaechenblumenstaedte\/45-themen\/fw-natur-in-der-stadt\/561-braunschweiger-bl%C3%BChfl%C3%A4chen-2015.html\"  target=\"_blank\" rel=\"external nofollow\"  target=\"_blank\"  class=\"wp-links-icon\">Braunschweig<\/a>, guten Anklang in der Bev\u00f6lkerung gefunden. An der Fu\u00dfg\u00e4ngerbr\u00fccke \u00fcber die Braunschweiger Stra\u00dfe in H\u00f6he Einm\u00fcndung Rabenbergstra\u00dfe befand sich letztes Jahr eine solche Wildblumenfl\u00e4che.<\/p>\n<p align=\"justify\">Entsprechend habe ich dem Gesch\u00e4ftsbereich Gr\u00fcn <a href=\"http:\/\/www.marktplatz-rabenberg.de\/anregungen\/stadtteil\/bluehflaechen\/bluehflaechen.pdf\"  target=\"_blank\"  target=\"_blank\">vorgeschlagen<\/a>, auf dem Marktplatz Rabenberg rund um die neu gepflanzten Pfeiffenstr\u00e4ucher auch eine solche Bl\u00fchfl\u00e4che anzulegen. Dieser Vorschlag wird jedoch so nicht umgesetzt, weil diese Bl\u00fchfl\u00e4che vorrangig die Kaninchen \u201ezum Fressen gern\u201c haben w\u00fcrden.<\/p>\n<p align=\"justify\">Hoffen wir, da\u00df der Gesch\u00e4ftsbereich Gr\u00fcn noch eine andere L\u00f6sung findet&#8230;<\/p>\n","protected":false},"excerpt":{"rendered":"<p>Eine einfache, kosteng\u00fcnstige und gleichzeitig attraktive M\u00f6glichkeit der Gr\u00fcnfl\u00e4chengestaltung sind Fl\u00e4chen gemischter Wildblumen. Diese Bl\u00fchfl\u00e4chen haben schon in anderen St\u00e4dten, z.B. Braunschweig, guten Anklang in der Bev\u00f6lkerung gefunden. An der Fu\u00dfg\u00e4ngerbr\u00fccke \u00fcber die Braunschweiger Stra\u00dfe in H\u00f6he Einm\u00fcndung Rabenbergstra\u00dfe befand sich letztes Jahr eine solche Wildblumenfl\u00e4che. Entsprechend habe ich dem Gesch\u00e4ftsbereich Gr\u00fcn vorgeschlagen, auf dem [&hellip;]<\/p>\n","protected":false},"author":2,"featured_media":0,"parent":55,"menu_order":0,"comment_status":"closed","ping_status":"closed","template":"","meta":[],"_links":{"self":[{"href":"https:\/\/marktplatz-rabenberg.de\/index.php?rest_route=\/wp\/v2\/pages\/204"}],"collection":[{"href":"https:\/\/marktplatz-rabenberg.de\/index.php?rest_route=\/wp\/v2\/pages"}],"about":[{"href":"https:\/\/marktplatz-rabenberg.de\/index.php?rest_route=\/wp\/v2\/types\/page"}],"author":[{"embeddable":true,"href":"https:\/\/marktplatz-rabenberg.de\/index.php?rest_route=\/wp\/v2\/users\/2"}],"replies":[{"embeddable":true,"href":"https:\/\/marktplatz-rabenberg.de\/index.php?rest_route=%2Fwp%2Fv2%2Fcomments&post=204"}],"version-history":[{"count":2,"href":"https:\/\/marktplatz-rabenberg.de\/index.php?rest_route=\/wp\/v2\/pages\/204\/revisions"}],"predecessor-version":[{"id":209,"href":"https:\/\/marktplatz-rabenberg.de\/index.php?rest_route=\/wp\/v2\/pages\/204\/revisions\/209"}],"up":[{"embeddable":true,"href":"https:\/\/marktplatz-rabenberg.de\/index.php?rest_route=\/wp\/v2\/pages\/55"}],"wp:attachment":[{"href":"https:\/\/marktplatz-rabenberg.de\/index.php?rest_route=%2Fwp%2Fv2%2Fmedia&parent=204"}],"curies":[{"name":"wp","href":"https:\/\/api.w.org\/{rel}","templated":true}]}}