{"id":211,"date":"2016-05-28T16:22:33","date_gmt":"2016-05-28T14:22:33","guid":{"rendered":"http:\/\/marktplatz-rabenberg.de\/?page_id=211"},"modified":"2016-05-28T16:22:33","modified_gmt":"2016-05-28T14:22:33","slug":"verknuepfung-des-vw-shuttle-services-mit-den-oeffis","status":"publish","type":"page","link":"https:\/\/marktplatz-rabenberg.de\/?page_id=211","title":{"rendered":"Verkn\u00fcpfung des VW-Shuttle-Services mit den &#8222;\u00d6ffis&#8220;"},"content":{"rendered":"<p align=\"justify\"><span style=\"font-family: Arial,sans-serif;\">Zur Optimierung des Werksverkehres habe ich Ende Januar 2016 folgenden <a href=\"http:\/\/www.marktplatz-rabenberg.de\/anregungen\/stadtweit\/vw-shuttle\/vw-shuttle.pdf\"  target=\"_blank\"  target=\"_blank\">Vorschlag <\/a>per eMail eingereicht, ohne bis heute eine Antwort bekommen zu haben&#8230;<\/span><\/p>\n<p align=\"justify\"><span style=\"font-family: Arial,sans-serif;\">Die WVG setzt in Erg\u00e4nzung zu den direkten Fahrten mit den WVG-Werkslinien ins Volkswagenwerk auch auf den Umstieg von den &#8222;normalen&#8220; Buslinien auf die WVG-Werkslinien, z.B. auf die Linie 267.<\/span><\/p>\n<p align=\"justify\"><span style=\"font-family: Arial,sans-serif;\">Die Touran- und GTI-Linie des internen Shuttle Service Volkswagen kommt vom Parkplatz Allerpark und f\u00e4hrt \u00fcber Wache Ost ins Volkswagenwerk Wolfsburg. Damit fahren beide Linien in beiden Fahrtrichtungen direkt an der Haltestelle &#8222;Schlo\u00df&#8220; des \u00f6ffentlichen Busnetzes VORBEI.<\/span><\/p>\n<p align=\"justify\"><span style=\"font-family: Arial,sans-serif;\">Was liegt also n\u00e4her, als beide Linien des internen Shuttle Service Volkswagen an der Haltestelle &#8222;Schlo\u00df&#8220; HALTEN zu lassen, damit VW-Fahrg\u00e4ste der &#8222;normalen&#8220; Buslinien, auch von VLG &amp; KVG (!), dort DIREKT in die Busse des Shuttle-Verkehres einsteigen k\u00f6nnen? Diese Haltestelle liegt an einer Haupteinfallstra\u00dfe und wird entsprechend von vielen \u00f6ffentlichen Buslinien angefahren.<\/span><\/p>\n<p align=\"justify\"><span style=\"font-family: Arial,sans-serif;\">Ich bin mir sicher, da\u00df auch anderer Stelle Bushaltestellen gemeinsam genutzt werden (z.B. Haltestelle Plazabr\u00fccke im Allerpark). Blinde Passagiere werden sowieso per Werksausweis-Kontrolle an der Wache herausgefischt oder gleich beim Busfahrer abgewiesen.<\/span><\/p>\n<p align=\"justify\"><span style=\"font-family: Arial,sans-serif;\">Diese \u00c4nderung ist sehr einfach in der Praxis umzusetzen und sicher hilfreich.<\/span><\/p>\n<p align=\"justify\"><span style=\"font-family: Arial,sans-serif;\">Es w\u00e4re sch\u00f6n, wenn diese \u00c4nderung schnell in die Praxis umgesetzt werden k\u00f6nnte&#8230;<\/span><\/p>\n","protected":false},"excerpt":{"rendered":"<p>Zur Optimierung des Werksverkehres habe ich Ende Januar 2016 folgenden Vorschlag per eMail eingereicht, ohne bis heute eine Antwort bekommen zu haben&#8230; Die WVG setzt in Erg\u00e4nzung zu den direkten Fahrten mit den WVG-Werkslinien ins Volkswagenwerk auch auf den Umstieg von den &#8222;normalen&#8220; Buslinien auf die WVG-Werkslinien, z.B. auf die Linie 267. Die Touran- und [&hellip;]<\/p>\n","protected":false},"author":2,"featured_media":0,"parent":0,"menu_order":0,"comment_status":"closed","ping_status":"closed","template":"","meta":[],"_links":{"self":[{"href":"https:\/\/marktplatz-rabenberg.de\/index.php?rest_route=\/wp\/v2\/pages\/211"}],"collection":[{"href":"https:\/\/marktplatz-rabenberg.de\/index.php?rest_route=\/wp\/v2\/pages"}],"about":[{"href":"https:\/\/marktplatz-rabenberg.de\/index.php?rest_route=\/wp\/v2\/types\/page"}],"author":[{"embeddable":true,"href":"https:\/\/marktplatz-rabenberg.de\/index.php?rest_route=\/wp\/v2\/users\/2"}],"replies":[{"embeddable":true,"href":"https:\/\/marktplatz-rabenberg.de\/index.php?rest_route=%2Fwp%2Fv2%2Fcomments&post=211"}],"version-history":[{"count":1,"href":"https:\/\/marktplatz-rabenberg.de\/index.php?rest_route=\/wp\/v2\/pages\/211\/revisions"}],"predecessor-version":[{"id":213,"href":"https:\/\/marktplatz-rabenberg.de\/index.php?rest_route=\/wp\/v2\/pages\/211\/revisions\/213"}],"wp:attachment":[{"href":"https:\/\/marktplatz-rabenberg.de\/index.php?rest_route=%2Fwp%2Fv2%2Fmedia&parent=211"}],"curies":[{"name":"wp","href":"https:\/\/api.w.org\/{rel}","templated":true}]}}

Verknüpfung des VW-Shuttle-Services mit den &#8222;Öffis&#8220;

<p align="justify"><span style="font-family: Arial,sans-serif;">Zur Optimierung des Werksverkehres habe ich Ende Januar 2016 folgenden <a href="http://www.marktplatz-rabenberg.de/anregungen/stadtweit/vw-shuttle/vw-shuttle.pdf"  target="_blank"  target="_blank">Vorschlag </a>per eMail eingereicht, ohne bis heute eine Antwort bekommen zu haben&#8230;</span></p>
<p align="justify"><span style="font-family: Arial,sans-serif;">Die WVG setzt in Ergänzung zu den direkten Fahrten mit den WVG-Werkslinien ins Volkswagenwerk auch auf den Umstieg von den &#8222;normalen&#8220; Buslinien auf die WVG-Werkslinien, z.B. auf die Linie 267.</span></p>
<p align="justify"><span style="font-family: Arial,sans-serif;">Die Touran- und GTI-Linie des internen Shuttle Service Volkswagen kommt vom Parkplatz Allerpark und fährt über Wache Ost ins Volkswagenwerk Wolfsburg. Damit fahren beide Linien in beiden Fahrtrichtungen direkt an der Haltestelle &#8222;Schloß&#8220; des öffentlichen Busnetzes VORBEI.</span></p>
<p align="justify"><span style="font-family: Arial,sans-serif;">Was liegt also näher, als beide Linien des internen Shuttle Service Volkswagen an der Haltestelle &#8222;Schloß&#8220; HALTEN zu lassen, damit VW-Fahrgäste der &#8222;normalen&#8220; Buslinien, auch von VLG &amp; KVG (!), dort DIREKT in die Busse des Shuttle-Verkehres einsteigen können? Diese Haltestelle liegt an einer Haupteinfallstraße und wird entsprechend von vielen öffentlichen Buslinien angefahren.</span></p>
<p align="justify"><span style="font-family: Arial,sans-serif;">Ich bin mir sicher, daß auch anderer Stelle Bushaltestellen gemeinsam genutzt werden (z.B. Haltestelle Plazabrücke im Allerpark). Blinde Passagiere werden sowieso per Werksausweis-Kontrolle an der Wache herausgefischt oder gleich beim Busfahrer abgewiesen.</span></p>
<p align="justify"><span style="font-family: Arial,sans-serif;">Diese Änderung ist sehr einfach in der Praxis umzusetzen und sicher hilfreich.</span></p>
<p align="justify"><span style="font-family: Arial,sans-serif;">Es wäre schön, wenn diese Änderung schnell in die Praxis umgesetzt werden könnte&#8230;</span></p>

<p>Zur Optimierung des Werksverkehres habe ich Ende Januar 2016 folgenden Vorschlag per eMail eingereicht, ohne bis heute eine Antwort bekommen zu haben&#8230; Die WVG setzt in Ergänzung zu den direkten Fahrten mit den WVG-Werkslinien ins Volkswagenwerk auch auf den Umstieg von den &#8222;normalen&#8220; Buslinien auf die WVG-Werkslinien, z.B. auf die Linie 267. Die Touran- und [&hellip;]</p>
