{"id":263,"date":"2017-01-27T15:10:24","date_gmt":"2017-01-27T13:10:24","guid":{"rendered":"http:\/\/marktplatz-rabenberg.de\/?page_id=263"},"modified":"2017-10-12T17:58:23","modified_gmt":"2017-10-12T15:58:23","slug":"haltestelle-kraehenhoop","status":"publish","type":"page","link":"https:\/\/marktplatz-rabenberg.de\/?page_id=263","title":{"rendered":"Haltestelle Kr\u00e4henhoop"},"content":{"rendered":"<p lang=\"zxx\" align=\"justify\">Ich bin in der Teichbreite geboren und aufgewachsen; ganz in der N\u00e4he der Haltestelle Kr\u00e4henhoop. Meine Mutter wohnte bis kurzem als Erstmieterin dort.<\/p>\n<p lang=\"zxx\" align=\"justify\">Im Rahmen der Neuordnung des Busnetzes 2014 ist diese Haltestelle weitgehend stillgelegt worden. Diese Situation hat sich seit dieser Zeit wieder etwas verbessert, aber eine aktuell st\u00fcndliche Anbindung tags\u00fcber je Richtung erscheint mir weiterhin als viel zu wenig. Die Bev\u00f6lkerungsdichte in s\u00fcdlichen Teil der Teichbreite wird sich kaum von der n\u00f6rdlichen H\u00e4lfte unterscheiden.<\/p>\n<p lang=\"zxx\" align=\"justify\">In der WAZ vom 27.01.2017 ist im Zusammenhang mit Gro\u00df Brunsrode nachzulesen, da\u00df Regiobuslinien m\u00f6glichst direkt gef\u00fchrt werden sollen. Das macht Sinn, weil die Fahrtzeiten sonst schnell zu lang sind. Im Umkehrschlu\u00df sind Erg\u00e4nzungslinien wie die Linie 213 zur Fl\u00e4chenversorgung vorgesehen.<\/p>\n<p lang=\"zxx\" align=\"justify\">Deshalb habe ich einen <a href=\"http:\/\/www.marktplatz-rabenberg.de\/anregungen\/stadtweit\/kraehenhoop\/Haltestelle-Kraehenhoop.pdf\"  target=\"_blank\"  target=\"_blank\">Vorschlag<\/a> zur besseren Anbindung der Bus-Haltestelle Kr\u00e4henhoop sowohl bei den politischen Gremien der Stadt Wolfsburg (Petition gem\u00e4\u00df Art. 17 GG) als auch bei den beteiligten Unternehmen des \u00d6PNV (Kundenanregung) eingereicht. Mein Vorschlag liegt auch als <a href=\"http:\/\/www.marktplatz-rabenberg.de\/anregungen\/stadtweit\/kraehenhoop\/Haltestelle-Kraehenhoop.epub\"  target=\"_blank\"  target=\"_blank\">eBook<\/a> (ePub-Format) ohne Kopierschutz vor.<\/p>\n<p align=\"justify\">Meine Eingabe wurde vom zust\u00e4ndigen Gesch\u00e4ftsbereich der Stadtverwaltung inzwischen negativ beantwortet (<a href=\"http:\/\/www.marktplatz-rabenberg.de\/anregungen\/stadtweit\/kraehenhoop\/Antwort-Stadt-Wolfsburg-Vorderseite.jpg\"  target=\"_blank\"  target=\"_blank\">Vorderseite<\/a>, <a href=\"http:\/\/www.marktplatz-rabenberg.de\/anregungen\/stadtweit\/kraehenhoop\/Antwort-Stadt-Wolfsburg-Rueckseite.jpg\"  target=\"_blank\"  target=\"_blank\">R\u00fcckseite<\/a>). Eine effektive Mitwirkung der Lokalpolitiker daran, insbesondere der zust\u00e4ndigen Ortsb\u00fcrgermeisterin, ist danach nicht erkennbar.<\/p>\n<p align=\"justify\">Eine Beteiligung der Bev\u00f6lkerung bei der Planung des neuen Busliniennetzes konnte ich den lokalen Medien seinerzeit nicht entnehmen. Nur im Rahmen der Fahrgastgespr\u00e4che soll es nach meinen Informationen eine B\u00fcrgerbeteiligung gegeben haben. Eine breite Beteiligung der Bev\u00f6lkerung ist dies nicht, aber immerhin etwas.<\/p>\n<p align=\"justify\">Die Begr\u00fcndung f\u00fcr die Nichtanbindung der Linie 213 an die Haltestelle Kr\u00e4henhoop wird immerhin nicht mehr mit einer zwingenden direkten Linienf\u00fchrung begr\u00fcndet. Das war bisher immer das zentrale Argument.<\/p>\n<p align=\"justify\">Die neue Begr\u00fcndung einer unerw\u00fcnschten Anbindung in nur einer Fahrtrichtung ist nicht haltbar, weil gleich nebenan in der B\u00fcrgerk\u00e4mpe <span style=\"text-decoration: underline;\"><strong>alle<\/strong> <\/span>dortigen Haltestellen nur in einer Richtung angefahren werden. Entsprechendes gilt f\u00fcr die Haltestelle M\u00fchlenpfad in der Innenstadt.<\/p>\n<p align=\"justify\">Es ging \u00fcbrigens nicht allein um die Anbindung des Kr\u00e4henhoops an den Nordfriedhof, sondern mindestens genauso auch um eine Anbindung in Richtung Innenstadt. Die Haltestelle Kr\u00e4henhoop wird in der Praxis aktuell von allen Bev\u00f6lkerungsgruppen genutzt, nicht nur von Senioren.<\/p>\n<p align=\"justify\">Aus meiner Sicht helfen hier vor allem kreative Vorschl\u00e4ge und Argumente weiter. Ich bleibe daher am Ball, und bitte die Anwohner, nicht m\u00fcde zu werden, weiterhin eine bessere Bedienung dieser Haltestelle einzufordern.<\/p>\n<p>&nbsp;<\/p>\n<p lang=\"zxx\" align=\"justify\"><span style=\"font-family: Arial,sans-serif;\"><span style=\"font-size: large;\">\u00a0<\/span><\/span><\/p>\n","protected":false},"excerpt":{"rendered":"<p>Ich bin in der Teichbreite geboren und aufgewachsen; ganz in der N\u00e4he der Haltestelle Kr\u00e4henhoop. Meine Mutter wohnte bis kurzem als Erstmieterin dort. Im Rahmen der Neuordnung des Busnetzes 2014 ist diese Haltestelle weitgehend stillgelegt worden. Diese Situation hat sich seit dieser Zeit wieder etwas verbessert, aber eine aktuell st\u00fcndliche Anbindung tags\u00fcber je Richtung erscheint [&hellip;]<\/p>\n","protected":false},"author":2,"featured_media":0,"parent":55,"menu_order":0,"comment_status":"closed","ping_status":"closed","template":"","meta":[],"_links":{"self":[{"href":"https:\/\/marktplatz-rabenberg.de\/index.php?rest_route=\/wp\/v2\/pages\/263"}],"collection":[{"href":"https:\/\/marktplatz-rabenberg.de\/index.php?rest_route=\/wp\/v2\/pages"}],"about":[{"href":"https:\/\/marktplatz-rabenberg.de\/index.php?rest_route=\/wp\/v2\/types\/page"}],"author":[{"embeddable":true,"href":"https:\/\/marktplatz-rabenberg.de\/index.php?rest_route=\/wp\/v2\/users\/2"}],"replies":[{"embeddable":true,"href":"https:\/\/marktplatz-rabenberg.de\/index.php?rest_route=%2Fwp%2Fv2%2Fcomments&post=263"}],"version-history":[{"count":10,"href":"https:\/\/marktplatz-rabenberg.de\/index.php?rest_route=\/wp\/v2\/pages\/263\/revisions"}],"predecessor-version":[{"id":322,"href":"https:\/\/marktplatz-rabenberg.de\/index.php?rest_route=\/wp\/v2\/pages\/263\/revisions\/322"}],"up":[{"embeddable":true,"href":"https:\/\/marktplatz-rabenberg.de\/index.php?rest_route=\/wp\/v2\/pages\/55"}],"wp:attachment":[{"href":"https:\/\/marktplatz-rabenberg.de\/index.php?rest_route=%2Fwp%2Fv2%2Fmedia&parent=263"}],"curies":[{"name":"wp","href":"https:\/\/api.w.org\/{rel}","templated":true}]}}

Haltestelle Krähenhoop

<p lang="zxx" align="justify">Ich bin in der Teichbreite geboren und aufgewachsen; ganz in der Nähe der Haltestelle Krähenhoop. Meine Mutter wohnte bis kurzem als Erstmieterin dort.</p>
<p lang="zxx" align="justify">Im Rahmen der Neuordnung des Busnetzes 2014 ist diese Haltestelle weitgehend stillgelegt worden. Diese Situation hat sich seit dieser Zeit wieder etwas verbessert, aber eine aktuell stündliche Anbindung tagsüber je Richtung erscheint mir weiterhin als viel zu wenig. Die Bevölkerungsdichte in südlichen Teil der Teichbreite wird sich kaum von der nördlichen Hälfte unterscheiden.</p>
<p lang="zxx" align="justify">In der WAZ vom 27.01.2017 ist im Zusammenhang mit Groß Brunsrode nachzulesen, daß Regiobuslinien möglichst direkt geführt werden sollen. Das macht Sinn, weil die Fahrtzeiten sonst schnell zu lang sind. Im Umkehrschluß sind Ergänzungslinien wie die Linie 213 zur Flächenversorgung vorgesehen.</p>
<p lang="zxx" align="justify">Deshalb habe ich einen <a href="http://www.marktplatz-rabenberg.de/anregungen/stadtweit/kraehenhoop/Haltestelle-Kraehenhoop.pdf"  target="_blank"  target="_blank">Vorschlag</a> zur besseren Anbindung der Bus-Haltestelle Krähenhoop sowohl bei den politischen Gremien der Stadt Wolfsburg (Petition gemäß Art. 17 GG) als auch bei den beteiligten Unternehmen des ÖPNV (Kundenanregung) eingereicht. Mein Vorschlag liegt auch als <a href="http://www.marktplatz-rabenberg.de/anregungen/stadtweit/kraehenhoop/Haltestelle-Kraehenhoop.epub"  target="_blank"  target="_blank">eBook</a> (ePub-Format) ohne Kopierschutz vor.</p>
<p align="justify">Meine Eingabe wurde vom zuständigen Geschäftsbereich der Stadtverwaltung inzwischen negativ beantwortet (<a href="http://www.marktplatz-rabenberg.de/anregungen/stadtweit/kraehenhoop/Antwort-Stadt-Wolfsburg-Vorderseite.jpg"  target="_blank"  target="_blank">Vorderseite</a>, <a href="http://www.marktplatz-rabenberg.de/anregungen/stadtweit/kraehenhoop/Antwort-Stadt-Wolfsburg-Rueckseite.jpg"  target="_blank"  target="_blank">Rückseite</a>). Eine effektive Mitwirkung der Lokalpolitiker daran, insbesondere der zuständigen Ortsbürgermeisterin, ist danach nicht erkennbar.</p>
<p align="justify">Eine Beteiligung der Bevölkerung bei der Planung des neuen Busliniennetzes konnte ich den lokalen Medien seinerzeit nicht entnehmen. Nur im Rahmen der Fahrgastgespräche soll es nach meinen Informationen eine Bürgerbeteiligung gegeben haben. Eine breite Beteiligung der Bevölkerung ist dies nicht, aber immerhin etwas.</p>
<p align="justify">Die Begründung für die Nichtanbindung der Linie 213 an die Haltestelle Krähenhoop wird immerhin nicht mehr mit einer zwingenden direkten Linienführung begründet. Das war bisher immer das zentrale Argument.</p>
<p align="justify">Die neue Begründung einer unerwünschten Anbindung in nur einer Fahrtrichtung ist nicht haltbar, weil gleich nebenan in der Bürgerkämpe <span style="text-decoration: underline;"><strong>alle</strong> </span>dortigen Haltestellen nur in einer Richtung angefahren werden. Entsprechendes gilt für die Haltestelle Mühlenpfad in der Innenstadt.</p>
<p align="justify">Es ging übrigens nicht allein um die Anbindung des Krähenhoops an den Nordfriedhof, sondern mindestens genauso auch um eine Anbindung in Richtung Innenstadt. Die Haltestelle Krähenhoop wird in der Praxis aktuell von allen Bevölkerungsgruppen genutzt, nicht nur von Senioren.</p>
<p align="justify">Aus meiner Sicht helfen hier vor allem kreative Vorschläge und Argumente weiter. Ich bleibe daher am Ball, und bitte die Anwohner, nicht müde zu werden, weiterhin eine bessere Bedienung dieser Haltestelle einzufordern.</p>
<p>&nbsp;</p>
<p lang="zxx" align="justify"><span style="font-family: Arial,sans-serif;"><span style="font-size: large;"> </span></span></p>

<p>Ich bin in der Teichbreite geboren und aufgewachsen; ganz in der Nähe der Haltestelle Krähenhoop. Meine Mutter wohnte bis kurzem als Erstmieterin dort. Im Rahmen der Neuordnung des Busnetzes 2014 ist diese Haltestelle weitgehend stillgelegt worden. Diese Situation hat sich seit dieser Zeit wieder etwas verbessert, aber eine aktuell stündliche Anbindung tagsüber je Richtung erscheint [&hellip;]</p>
