{"id":344,"date":"2017-11-30T16:29:12","date_gmt":"2017-11-30T14:29:12","guid":{"rendered":"http:\/\/marktplatz-rabenberg.de\/?page_id=344"},"modified":"2017-11-30T16:29:12","modified_gmt":"2017-11-30T14:29:12","slug":"sie-ist-weg","status":"publish","type":"page","link":"https:\/\/marktplatz-rabenberg.de\/?page_id=344","title":{"rendered":"Sie ist weg&#8230;!"},"content":{"rendered":"<div id=\"attachment_343\" style=\"width: 235px\" class=\"wp-caption alignright\"><a href=\"https:\/\/ratsinfob.stadt.wolfsburg.de\/vo020?5&amp;VOLFDNR=1001180&amp;refresh=false\"  target=\"_blank\" rel=\"external nofollow\"  target=\"_blank\" ><img aria-describedby=\"caption-attachment-343\" decoding=\"async\" loading=\"lazy\" class=\"wp-image-343 size-medium\" src=\"http:\/\/marktplatz-rabenberg.de\/wp-content\/uploads\/Demontage-Telefonzelle-225x300.jpg\" alt=\"Wo ist die Telefonzelle...?\" width=\"225\" height=\"300\" srcset=\"https:\/\/marktplatz-rabenberg.de\/wp-content\/uploads\/Demontage-Telefonzelle-225x300.jpg 225w, https:\/\/marktplatz-rabenberg.de\/wp-content\/uploads\/Demontage-Telefonzelle.jpg 386w\" sizes=\"(max-width: 225px) 100vw, 225px\" \/><\/a><p id=\"caption-attachment-343\" class=\"wp-caption-text\">Wo ist die Telefonzelle&#8230;?<\/p><\/div>\n<p lang=\"zxx\" align=\"justify\">Die Zeiten \u00e4ndern sich. Die Technik entwickelt sich fort und mit ihr unser Alltag. Anfang der 1990er-Jahre wurde das mobile Telefonnetz aufgebaut. Was anfangs noch teuer war, wurde mit der Zeit immer g\u00fcnstiger und damit f\u00fcr jedermann erschwinglich. Heute kann man mit Sprachvolumenpaketen f\u00fcr wenige Euro monatlich mobil pro Minute g\u00fcnstiger telefonieren als fr\u00fcher im Festnetz. Die Bedienung ist besonders bei Seniorenhandys denkbar einfach. Als Klapphandy passen sie unfallfrei in jede Hosentasche, w\u00e4hrend Smartphones meist zu gro\u00df daf\u00fcr sind. Im Gegenzug bekommt man hier viel mehr Funktionen. Dies sind vollwertige Mobil-Mini-Computer f\u00fcr die Jackentasche. Telefonieren ist hier eher zur Randfunktion geworden. Fast jeder Bundesb\u00fcrger hat heute mindestens ein Handy.<\/p>\n<p lang=\"zxx\" align=\"justify\">Bei dieser weiten Verbreitung ist es grunds\u00e4tzlich nachvollziehbar, da\u00df die Deutsche Telekom fl\u00e4chendeckend Telefonzellen abbauen m\u00f6chte. Nur an besonders exponierten und frequentierten Stellen werden wir diesen Telekommunikations-Dinosaurier noch bis auf unbestimmte Zeit antreffen. Ich erwarte jedoch, da\u00df die Politik hier neben der stillschweigenden <a href=\"https:\/\/ratsinfob.stadt.wolfsburg.de\/vo020?5&amp;VOLFDNR=1001180&amp;refresh=false\"  target=\"_blank\" rel=\"external nofollow\"  target=\"_blank\"  class=\"wp-links-icon\">Demontage-Erlaubnis<\/a> gleichzeitig auch den B\u00fcrger deutlich und offensiv auf die Folgen Ihrer eigenen Entscheidung hinweist. Ohne diese offensive Informationspolitik l\u00e4\u00dft man den B\u00fcrger eiskalt auflaufen. Verantwortungsvolles Handeln sieht anders aus! Die Telekom sollte hier unterst\u00fctzen.<\/p>\n<p lang=\"zxx\" align=\"justify\">Nicht jeder Bundesb\u00fcrger m\u00f6chte allerdings ein Handy besitzen. Gerade Senioren schw\u00f6ren auf das gute alte Festnetztelefon. Unterwegs gibt es doch sicher notfalls immer jemanden mit Handy oder die gute alte M\u00fcnz-Telefonzelle, &#8230;irgendwo. Das kann mit obiger Entwicklung jetzt zur b\u00f6sen Falle werden. Dabei mu\u00df es nicht gleich um Leben oder Tod gehen. Ein verpa\u00dfter Arzttermin, oder Bahnanschlu\u00df etc. reicht um Sorgen heraufzubeschw\u00f6ren. Sp\u00e4t abends oder nachts findet sich dann u.U. eben gerade kein Telefon mehr!<\/p>\n<p lang=\"zxx\" align=\"justify\">Aus diesem Grunde empfehle ich diesen Mitmenschen, sich jetzt unbedingt ein funktionierendes Handy (mit SIM-Karte) anzuschaffen! Wenn man die Wohnung verl\u00e4\u00dft, geh\u00f6rt es heute wie der Schl\u00fcsselbund, der Geldb\u00f6rse bzw. Brieftasche und dem Regenschirm unterwegs zur pers\u00f6nlichen Grundausstattung.<\/p>\n<p lang=\"zxx\" align=\"justify\">Das Handy braucht nur etwas Zuwendung in Form eines gelegentlichen Telefonats; einmal in zwei Monaten ein kurzes Telefonat bei regelm\u00e4\u00dfigem Gang zur Steckdose zwecks Aufladen des Akkus sollte reichen. Andernfalls geht der Telefonnetzbetreiber davon aus, da\u00df das Handy in der Schublade versauert und deaktiviert den Zugang zum mobilen Telefonnetz; oder dem Akku geht die Puste aus. Eine Reanimierung ist f\u00e4llig. Ger\u00e4teanzeigen, auch ohne SIM-Karte Notrufe zu erm\u00f6glichen, sind Falschmeldungen, neudenglisch Fake-News.<\/p>\n<p lang=\"zxx\" align=\"justify\">Die Zeiten der Telefonzelle sind jedenfalls gez\u00e4hlt&#8230;unsere ist schon weg!<\/p>\n<p lang=\"zxx\" align=\"justify\"><a href=\"https:\/\/ratsinfob.stadt.wolfsburg.de\/vo020?6&amp;VOLFDNR=1001180&amp;refresh=false\"  target=\"_blank\" rel=\"external nofollow\"  target=\"_blank\"  class=\"wp-links-icon\">Beschlu\u00dfvorlage<\/a><\/p>\n<p lang=\"zxx\" align=\"justify\"><a href=\"http:\/\/marktplatz-rabenberg.de\/anregungen\/stadtteil\/telefonzelle\/Telekom.pdf\"  target=\"_blank\"  target=\"_blank\">Antwort Telekom<\/a><\/p>\n<p lang=\"zxx\" align=\"justify\"><a href=\"http:\/\/marktplatz-rabenberg.de\/anregungen\/stadtteil\/telefonzelle\/WOBcom.pdf\"  target=\"_blank\"  target=\"_blank\">Antwort WOBcom<\/a><\/p>\n<p lang=\"zxx\" align=\"justify\"><a href=\"http:\/\/marktplatz-rabenberg.de\/anregungen\/stadtteil\/telefonzelle\/Ortsbuergermeister.pdf\"  target=\"_blank\"  target=\"_blank\">Antwort Ortsb\u00fcrgermeister<\/a><\/p>\n","protected":false},"excerpt":{"rendered":"<p>Die Zeiten \u00e4ndern sich. Die Technik entwickelt sich fort und mit ihr unser Alltag. Anfang der 1990er-Jahre wurde das mobile Telefonnetz aufgebaut. Was anfangs noch teuer war, wurde mit der Zeit immer g\u00fcnstiger und damit f\u00fcr jedermann erschwinglich. Heute kann man mit Sprachvolumenpaketen f\u00fcr wenige Euro monatlich mobil pro Minute g\u00fcnstiger telefonieren als fr\u00fcher im [&hellip;]<\/p>\n","protected":false},"author":2,"featured_media":0,"parent":55,"menu_order":0,"comment_status":"closed","ping_status":"closed","template":"","meta":[],"_links":{"self":[{"href":"https:\/\/marktplatz-rabenberg.de\/index.php?rest_route=\/wp\/v2\/pages\/344"}],"collection":[{"href":"https:\/\/marktplatz-rabenberg.de\/index.php?rest_route=\/wp\/v2\/pages"}],"about":[{"href":"https:\/\/marktplatz-rabenberg.de\/index.php?rest_route=\/wp\/v2\/types\/page"}],"author":[{"embeddable":true,"href":"https:\/\/marktplatz-rabenberg.de\/index.php?rest_route=\/wp\/v2\/users\/2"}],"replies":[{"embeddable":true,"href":"https:\/\/marktplatz-rabenberg.de\/index.php?rest_route=%2Fwp%2Fv2%2Fcomments&post=344"}],"version-history":[{"count":2,"href":"https:\/\/marktplatz-rabenberg.de\/index.php?rest_route=\/wp\/v2\/pages\/344\/revisions"}],"predecessor-version":[{"id":346,"href":"https:\/\/marktplatz-rabenberg.de\/index.php?rest_route=\/wp\/v2\/pages\/344\/revisions\/346"}],"up":[{"embeddable":true,"href":"https:\/\/marktplatz-rabenberg.de\/index.php?rest_route=\/wp\/v2\/pages\/55"}],"wp:attachment":[{"href":"https:\/\/marktplatz-rabenberg.de\/index.php?rest_route=%2Fwp%2Fv2%2Fmedia&parent=344"}],"curies":[{"name":"wp","href":"https:\/\/api.w.org\/{rel}","templated":true}]}}

<div id="attachment_343" style="width: 235px" class="wp-caption alignright"><a href="https://ratsinfob.stadt.wolfsburg.de/vo020?5&amp;VOLFDNR=1001180&amp;refresh=false"  target="_blank" rel="external nofollow"  target="_blank" ><img aria-describedby="caption-attachment-343" decoding="async" loading="lazy" class="wp-image-343 size-medium" src="http://marktplatz-rabenberg.de/wp-content/uploads/Demontage-Telefonzelle-225x300.jpg" alt="Wo ist die Telefonzelle...?" width="225" height="300" srcset="https://marktplatz-rabenberg.de/wp-content/uploads/Demontage-Telefonzelle-225x300.jpg 225w, https://marktplatz-rabenberg.de/wp-content/uploads/Demontage-Telefonzelle.jpg 386w" sizes="(max-width: 225px) 100vw, 225px" /></a><p id="caption-attachment-343" class="wp-caption-text">Wo ist die Telefonzelle&#8230;?</p></div>
<p lang="zxx" align="justify">Die Zeiten ändern sich. Die Technik entwickelt sich fort und mit ihr unser Alltag. Anfang der 1990er-Jahre wurde das mobile Telefonnetz aufgebaut. Was anfangs noch teuer war, wurde mit der Zeit immer günstiger und damit für jedermann erschwinglich. Heute kann man mit Sprachvolumenpaketen für wenige Euro monatlich mobil pro Minute günstiger telefonieren als früher im Festnetz. Die Bedienung ist besonders bei Seniorenhandys denkbar einfach. Als Klapphandy passen sie unfallfrei in jede Hosentasche, während Smartphones meist zu groß dafür sind. Im Gegenzug bekommt man hier viel mehr Funktionen. Dies sind vollwertige Mobil-Mini-Computer für die Jackentasche. Telefonieren ist hier eher zur Randfunktion geworden. Fast jeder Bundesbürger hat heute mindestens ein Handy.</p>
<p lang="zxx" align="justify">Bei dieser weiten Verbreitung ist es grundsätzlich nachvollziehbar, daß die Deutsche Telekom flächendeckend Telefonzellen abbauen möchte. Nur an besonders exponierten und frequentierten Stellen werden wir diesen Telekommunikations-Dinosaurier noch bis auf unbestimmte Zeit antreffen. Ich erwarte jedoch, daß die Politik hier neben der stillschweigenden <a href="https://ratsinfob.stadt.wolfsburg.de/vo020?5&amp;VOLFDNR=1001180&amp;refresh=false"  target="_blank" rel="external nofollow"  target="_blank"  class="wp-links-icon">Demontage-Erlaubnis</a> gleichzeitig auch den Bürger deutlich und offensiv auf die Folgen Ihrer eigenen Entscheidung hinweist. Ohne diese offensive Informationspolitik läßt man den Bürger eiskalt auflaufen. Verantwortungsvolles Handeln sieht anders aus! Die Telekom sollte hier unterstützen.</p>
<p lang="zxx" align="justify">Nicht jeder Bundesbürger möchte allerdings ein Handy besitzen. Gerade Senioren schwören auf das gute alte Festnetztelefon. Unterwegs gibt es doch sicher notfalls immer jemanden mit Handy oder die gute alte Münz-Telefonzelle, &#8230;irgendwo. Das kann mit obiger Entwicklung jetzt zur bösen Falle werden. Dabei muß es nicht gleich um Leben oder Tod gehen. Ein verpaßter Arzttermin, oder Bahnanschluß etc. reicht um Sorgen heraufzubeschwören. Spät abends oder nachts findet sich dann u.U. eben gerade kein Telefon mehr!</p>
<p lang="zxx" align="justify">Aus diesem Grunde empfehle ich diesen Mitmenschen, sich jetzt unbedingt ein funktionierendes Handy (mit SIM-Karte) anzuschaffen! Wenn man die Wohnung verläßt, gehört es heute wie der Schlüsselbund, der Geldbörse bzw. Brieftasche und dem Regenschirm unterwegs zur persönlichen Grundausstattung.</p>
<p lang="zxx" align="justify">Das Handy braucht nur etwas Zuwendung in Form eines gelegentlichen Telefonats; einmal in zwei Monaten ein kurzes Telefonat bei regelmäßigem Gang zur Steckdose zwecks Aufladen des Akkus sollte reichen. Andernfalls geht der Telefonnetzbetreiber davon aus, daß das Handy in der Schublade versauert und deaktiviert den Zugang zum mobilen Telefonnetz; oder dem Akku geht die Puste aus. Eine Reanimierung ist fällig. Geräteanzeigen, auch ohne SIM-Karte Notrufe zu ermöglichen, sind Falschmeldungen, neudenglisch Fake-News.</p>
<p lang="zxx" align="justify">Die Zeiten der Telefonzelle sind jedenfalls gezählt&#8230;unsere ist schon weg!</p>
<p lang="zxx" align="justify"><a href="https://ratsinfob.stadt.wolfsburg.de/vo020?6&amp;VOLFDNR=1001180&amp;refresh=false"  target="_blank" rel="external nofollow"  target="_blank"  class="wp-links-icon">Beschlußvorlage</a></p>
<p lang="zxx" align="justify"><a href="http://marktplatz-rabenberg.de/anregungen/stadtteil/telefonzelle/Telekom.pdf"  target="_blank"  target="_blank">Antwort Telekom</a></p>
<p lang="zxx" align="justify"><a href="http://marktplatz-rabenberg.de/anregungen/stadtteil/telefonzelle/WOBcom.pdf"  target="_blank"  target="_blank">Antwort WOBcom</a></p>
<p lang="zxx" align="justify"><a href="http://marktplatz-rabenberg.de/anregungen/stadtteil/telefonzelle/Ortsbuergermeister.pdf"  target="_blank"  target="_blank">Antwort Ortsbürgermeister</a></p>

<p>Die Zeiten ändern sich. Die Technik entwickelt sich fort und mit ihr unser Alltag. Anfang der 1990er-Jahre wurde das mobile Telefonnetz aufgebaut. Was anfangs noch teuer war, wurde mit der Zeit immer günstiger und damit für jedermann erschwinglich. Heute kann man mit Sprachvolumenpaketen für wenige Euro monatlich mobil pro Minute günstiger telefonieren als früher im [&hellip;]</p>
