{"id":526,"date":"2021-11-04T17:31:16","date_gmt":"2021-11-04T15:31:16","guid":{"rendered":"http:\/\/marktplatz-rabenberg.de\/?page_id=526"},"modified":"2023-11-21T17:33:07","modified_gmt":"2023-11-21T15:33:07","slug":"bloss-nicht-weglaufen","status":"publish","type":"page","link":"https:\/\/marktplatz-rabenberg.de\/?page_id=526","title":{"rendered":"Blo\u00df nicht weglaufen&#8230;!"},"content":{"rendered":"\n<p>Der Klimawandel geht nicht spurlos an unserer Infrastruktur vorbei. Aus gegebenem Anla\u00df habe ich mir Gedanken zur L\u00f6sung gemacht. Diese ver\u00f6ffentliche ich <a href=\"http:\/\/marktplatz-rabenberg.de\/wp-content\/uploads\/Bloss-nicht-weglaufen.pdf\"  target=\"_blank\"  target=\"_blank\">hiermit <\/a>zum allgemeinen Nutzen, samt <a href=\"http:\/\/marktplatz-rabenberg.de\/wp-content\/uploads\/Lebenskreislauf Erde.pdf\"  target=\"_blank\" rel=\"noreferrer noopener\"  target=\"_blank\" rel=\"noreferrer noopener\">Nachtrag<\/a>.<\/p>\n\n\n\n<p>Erg\u00e4nzend verweise ich auf einen Beitrag der <a rel=\"noreferrer noopener\" aria-label=\"Erg\u00e4nzend verweise ich auf einen Beitrag der ARD, dem Umweltbundesamt und der Stadt Wolfsburg.\n (\u00f6ffnet in neuem Tab)\" href=\"https:\/\/www.ardmediathek.de\/video\/wissen-vor-acht-erde\/die-schwammstadt\/das-erste\/Y3JpZDovL2Rhc2Vyc3RlLmRlL3dpc3NlbiB2b3IgYWNodCAtIGVyZGUvMTA5MzczMjUtOTNjZS00MzQ5LWFkMmYtY2E3MDg4M2I5YTMw\/\" target=\"_blank\">ARD<\/a>, dem <a rel=\"noreferrer noopener\" aria-label=\"Erg\u00e4nzend verweise ich auf einen Beitrag der ARD, dem Umweltbundesamt und der Stadt Wolfsburg.\n (\u00f6ffnet in neuem Tab)\" href=\"https:\/\/www.umweltbundesamt.de\/sites\/default\/files\/medien\/1410\/publikationen\/2019-05-29_texte_55-2019_starkregen-stadtentwicklung.pdf\" target=\"_blank\">Umweltbundesamt<\/a> und der Stadt <a rel=\"noreferrer noopener\" aria-label=\"Erg\u00e4nzend verweise ich auf einen Beitrag der ARD, dem Umweltbundesamt und der Stadt Wolfsburg. Alternativ verweise ich auf das Konzept der Stadt Jena.\n (\u00f6ffnet in neuem Tab)\" href=\"https:\/\/citylife-wob.de\/mulden-dienen-als-wasserspeicher\/\" target=\"_blank\">Wolfsburg<\/a>. Alternativ verweise ich auf das Konzept der Stadt <a rel=\"noreferrer noopener\" aria-label=\"Erg\u00e4nzend verweise ich auf einen Beitrag der ARD, dem Umweltbundesamt und der Stadt Wolfsburg. Alternativ verweise ich auf das Konzept der Stadt Jena.\n (\u00f6ffnet in neuem Tab)\" href=\"https:\/\/planen-bauen.jena.de\/sites\/default\/files\/2019-05\/03-JenKAS_-_Handbuch_einer_klimawandelgerechten_Stadtentwicklung_2012-www.pdf\" target=\"_blank\">Jena<\/a>.<br><\/p>\n","protected":false},"excerpt":{"rendered":"<p>Der Klimawandel geht nicht spurlos an unserer Infrastruktur vorbei. Aus gegebenem Anla\u00df habe ich mir Gedanken zur L\u00f6sung gemacht. Diese ver\u00f6ffentliche ich hiermit zum allgemeinen Nutzen, samt Nachtrag. Erg\u00e4nzend verweise ich auf einen Beitrag der ARD, dem Umweltbundesamt und der Stadt Wolfsburg. Alternativ verweise ich auf das Konzept der Stadt Jena.<\/p>\n","protected":false},"author":2,"featured_media":0,"parent":0,"menu_order":0,"comment_status":"closed","ping_status":"closed","template":"","meta":[],"_links":{"self":[{"href":"https:\/\/marktplatz-rabenberg.de\/index.php?rest_route=\/wp\/v2\/pages\/526"}],"collection":[{"href":"https:\/\/marktplatz-rabenberg.de\/index.php?rest_route=\/wp\/v2\/pages"}],"about":[{"href":"https:\/\/marktplatz-rabenberg.de\/index.php?rest_route=\/wp\/v2\/types\/page"}],"author":[{"embeddable":true,"href":"https:\/\/marktplatz-rabenberg.de\/index.php?rest_route=\/wp\/v2\/users\/2"}],"replies":[{"embeddable":true,"href":"https:\/\/marktplatz-rabenberg.de\/index.php?rest_route=%2Fwp%2Fv2%2Fcomments&post=526"}],"version-history":[{"count":8,"href":"https:\/\/marktplatz-rabenberg.de\/index.php?rest_route=\/wp\/v2\/pages\/526\/revisions"}],"predecessor-version":[{"id":544,"href":"https:\/\/marktplatz-rabenberg.de\/index.php?rest_route=\/wp\/v2\/pages\/526\/revisions\/544"}],"wp:attachment":[{"href":"https:\/\/marktplatz-rabenberg.de\/index.php?rest_route=%2Fwp%2Fv2%2Fmedia&parent=526"}],"curies":[{"name":"wp","href":"https:\/\/api.w.org\/{rel}","templated":true}]}}

Bloß nicht weglaufen&#8230;!

<p>Der Klimawandel geht nicht spurlos an unserer Infrastruktur vorbei. Aus gegebenem Anlaß habe ich mir Gedanken zur Lösung gemacht. Diese veröffentliche ich <a href="http://marktplatz-rabenberg.de/wp-content/uploads/Bloss-nicht-weglaufen.pdf"  target="_blank"  target="_blank">hiermit </a>zum allgemeinen Nutzen, samt <a href="http://marktplatz-rabenberg.de/wp-content/uploads/Lebenskreislauf Erde.pdf"  target="_blank" rel="noreferrer noopener"  target="_blank" rel="noreferrer noopener">Nachtrag</a>.</p>



<p>Ergänzend verweise ich auf einen Beitrag der <a rel="noreferrer noopener" aria-label="Ergänzend verweise ich auf einen Beitrag der ARD, dem Umweltbundesamt und der Stadt Wolfsburg.
 (öffnet in neuem Tab)" href="https://www.ardmediathek.de/video/wissen-vor-acht-erde/die-schwammstadt/das-erste/Y3JpZDovL2Rhc2Vyc3RlLmRlL3dpc3NlbiB2b3IgYWNodCAtIGVyZGUvMTA5MzczMjUtOTNjZS00MzQ5LWFkMmYtY2E3MDg4M2I5YTMw/" target="_blank">ARD</a>, dem <a rel="noreferrer noopener" aria-label="Ergänzend verweise ich auf einen Beitrag der ARD, dem Umweltbundesamt und der Stadt Wolfsburg.
 (öffnet in neuem Tab)" href="https://www.umweltbundesamt.de/sites/default/files/medien/1410/publikationen/2019-05-29_texte_55-2019_starkregen-stadtentwicklung.pdf" target="_blank">Umweltbundesamt</a> und der Stadt <a rel="noreferrer noopener" aria-label="Ergänzend verweise ich auf einen Beitrag der ARD, dem Umweltbundesamt und der Stadt Wolfsburg. Alternativ verweise ich auf das Konzept der Stadt Jena.
 (öffnet in neuem Tab)" href="https://citylife-wob.de/mulden-dienen-als-wasserspeicher/" target="_blank">Wolfsburg</a>. Alternativ verweise ich auf das Konzept der Stadt <a rel="noreferrer noopener" aria-label="Ergänzend verweise ich auf einen Beitrag der ARD, dem Umweltbundesamt und der Stadt Wolfsburg. Alternativ verweise ich auf das Konzept der Stadt Jena.
 (öffnet in neuem Tab)" href="https://planen-bauen.jena.de/sites/default/files/2019-05/03-JenKAS_-_Handbuch_einer_klimawandelgerechten_Stadtentwicklung_2012-www.pdf" target="_blank">Jena</a>.<br></p>

<p>Der Klimawandel geht nicht spurlos an unserer Infrastruktur vorbei. Aus gegebenem Anlaß habe ich mir Gedanken zur Lösung gemacht. Diese veröffentliche ich hiermit zum allgemeinen Nutzen, samt Nachtrag. Ergänzend verweise ich auf einen Beitrag der ARD, dem Umweltbundesamt und der Stadt Wolfsburg. Alternativ verweise ich auf das Konzept der Stadt Jena.</p>
