{"id":546,"date":"2024-06-11T12:42:25","date_gmt":"2024-06-11T10:42:25","guid":{"rendered":"https:\/\/marktplatz-rabenberg.de\/?page_id=546"},"modified":"2024-06-20T14:05:19","modified_gmt":"2024-06-20T12:05:19","slug":"die-scheinbare-wahl","status":"publish","type":"page","link":"https:\/\/marktplatz-rabenberg.de\/?page_id=546","title":{"rendered":"Die scheinbare Wahl"},"content":{"rendered":"\n<p>Aktuell l\u00e4uft die bisherige Kabelanschlu\u00dfl\u00f6sung komplett aus. Technisch kann alles jedoch unver\u00e4ndert weiterlaufen. Hier gilt: Hintergrundwissen ist Macht.<\/p>\n\n\n\n<p>Technisch kommt das Fernsehsignal heute auf vielen verschiedenen Wegen vom Fernsehsender (Quelle, Sender) letztlich in die Wohnung oder ins Haus (Ziel, Empf\u00e4nger). Es wird dabei oftmals \u201cumgetopft\u201d. Ein Umstiegspunkt ist meist der Satellit.<\/p>\n\n\n\n<p>Ganz zu Beginn der Fernsehgeschichte gab es ausschlie\u00dflich den direkten eigenen (Zimmer-)Antennenempfang. Das Signal wurde \u00fcber die Atmosph\u00e4re \u00fcbertragen. Diese Zuwegung zum Fernsehger\u00e4t wurde in den 1980er-Jahren erg\u00e4nzt durch Kabelanschl\u00fcsse und Satellitenfernsehen. Dabei wechselt das Signal meist unterwegs \u201cdie Pferde\u201d.<\/p>\n\n\n\n<p>Meist wird das Fernsehsignal vom Sender neben der bisherigen terrestrischen (Atmosph\u00e4re) \u00dcbertragung direkt auf den Satelliten abgestrahlt. Dieser reicht das Signal zur\u00fcck auf die Erde ins jeweilige Empfangsgebiet; vergleichbar einem Scheinwerfer.<\/p>\n\n\n\n<p>Dort wird es entweder von der eigenen Satellitensch\u00fcssel aufgefangen und \u00fcber eigene Antennenkabel separat zu jedem eigenen einzelnen Empfangsger\u00e4t exklusiv geleitet (DVB-S).<\/p>\n\n\n\n<p>Beim alternativen Kabelfernsehen wird das Satellitensignal von einer Kopfstation (Sammelempfang) unterirdisch zu den H\u00e4usern geleitet, um dort in den W\u00e4nden in die Wohnr\u00e4ume weiterzukriechen; alles via Antennen(coax)kabel (DVB-C).<\/p>\n\n\n\n<p>Jeder Empfangsweg ist mit einem eigenen Empfangsformat (Verpackung) verbunden: DVB-T terrestrisch, DVB-S Satellit und DVB-C Cabel. Wechsel des Transportsignalweges (\u201cWechsel der Pferde\u201d) machen eine Umwandlung des Signalformates notwendig. Nachgestellte Ziffern signalisieren ein Update beim Format; z.B. DVB-S ist abgel\u00f6st von DVB-S2.<\/p>\n\n\n\n<p>In den letzten 20 Jahren kam basierend auf dem immer leistungsf\u00e4higer gewordenen Internet die \u00dcbertragungsart IP-TV hinzu. Statt \u00fcber das klassische Antennen(coax)kabel das Fernsehsignal in den Fernseher zu liefern, kommt dieses \u00fcber die Telefondose ins Haus. Schleichend haben sich im Hintergrund der heimische Fernseher als auch das Telefonnetz in ein gro\u00dfes weltweites gemeinsames Computernetzwerk verwandelt. Der Fernseher kann heute weit mehr als nur das laufende Fernsehprogramm wiedergeben (SmartTV). Er ist selbst ein Computer geworden. Alles spricht heute nur noch die digitale Sprache der Nullen und Einsen; mit allen dazugeh\u00f6rigen Risiken und <a href=\"https:\/\/de.wikipedia.org\/wiki\/Geoblocking\"  target=\"_blank\" rel=\"external nofollow\"  target=\"_blank\" rel=\"noreferrer noopener\"  class=\"wp-links-icon\">Nebenwirkungen<\/a>.<\/p>\n\n\n\n<p>H\u00e4ufig werden ausl\u00e4ndische internetbasierte Fernsehangebote (z.B. die Mediatheken) \u00fcber das <a href=\"https:\/\/de.wikipedia.org\/wiki\/Geoblocking\"  target=\"_blank\" rel=\"external nofollow\"  target=\"_blank\" rel=\"noreferrer noopener\"  class=\"wp-links-icon\">Geoblocking<\/a> unerreichbar gemacht. Das kann auch umgedreht f\u00fcr Deutsche im Ausland gelten. Es werden also neue Mauern errichtet. Begr\u00fcndet wird dies mit dem l\u00e4nderbezogenen Urheberrechtsschutz der Inhalte. Gleichzeitig wird auf Basis von <a href=\"https:\/\/www.bsi.bund.de\/DE\/Themen\/Verbraucherinnen-und-Verbraucher\/Informationen-und-Empfehlungen\/Cyber-Sicherheitsempfehlungen\/Router-WLAN-VPN\/Virtual-Private-Networks-VPN\/virtual-private-networks-vpn_node.html\"  target=\"_blank\" rel=\"external nofollow\"  target=\"_blank\" rel=\"noreferrer noopener\"  class=\"wp-links-icon\">VPN<\/a>-L\u00f6sungen (Prinzip Unterseeboot) geb\u00fchrenpflichtig Abhilfe angeboten. Ist dies nicht schizophren?<\/p>\n\n\n\n<p>In dieser Situation hat nun der Gesetzgeber entschieden, die bisherige Zwangsl\u00f6sung \u201cKabelanschlu\u00df in der monatlichen Miete enthalten\u201d abzuschaffen. Was bisher lange Zeit mit Abstand das beste Signal geliefert hat, ist heute nicht mehr die einzige hochwertige L\u00f6sung. Es stehen immer mehr Alternativen zur Auswahl.<\/p>\n\n\n\n<p>Nur wie so oft im Leben, hat alles seine guten und seine schlechten Seiten. Auch wenn die Alternativen \u00fcber das Internet schon jeweils ihren ganz speziellen Reiz haben, kann man nur von der Antennendose aus direkt <strong>ohne Einschr\u00e4nkung<\/strong> aufnehmen. Der Videorecorder ist mit dem Computer verschmolzen. Erg\u00e4nzend gibt es Internet-Aufnahme-Tools.<\/p>\n\n\n\n<p>Ein <strong>klassischer<\/strong> Fernsehkunde hat in Wolfsburg nur die M\u00f6glichkeit beim Kabelfernsehanbieter Vodafone, bisher Kabel Deutschland zu bleiben. Das wird andernorts wahrscheinlich entsprechend sein. Diese Technik ist ein alter Hut, aber kein schlechter.<\/p>\n\n\n\n<p>PS: Wer die eigene DVB-C-Verkabelung im Hause anderweitig f\u00fcttern will, k\u00f6nnte grunds\u00e4tzlich daran denken, diese mit einer eigenen Satelliten-Empfangsanlage zu koppeln. Dessen Signal mu\u00df nur von DVB-S auf DVB-C im Keller \u201cumgetopft\u201d werden. <strong>Nachrechnen<\/strong> hilft\u2026!<\/p>\n","protected":false},"excerpt":{"rendered":"<p>Aktuell l\u00e4uft die bisherige Kabelanschlu\u00dfl\u00f6sung komplett aus. Technisch kann alles jedoch unver\u00e4ndert weiterlaufen. Hier gilt: Hintergrundwissen ist Macht. Technisch kommt das Fernsehsignal heute auf vielen verschiedenen Wegen vom Fernsehsender (Quelle, Sender) letztlich in die Wohnung oder ins Haus (Ziel, Empf\u00e4nger). Es wird dabei oftmals \u201cumgetopft\u201d. Ein Umstiegspunkt ist meist der Satellit. Ganz zu Beginn der [&hellip;]<\/p>\n","protected":false},"author":2,"featured_media":0,"parent":0,"menu_order":0,"comment_status":"closed","ping_status":"closed","template":"","meta":[],"_links":{"self":[{"href":"https:\/\/marktplatz-rabenberg.de\/index.php?rest_route=\/wp\/v2\/pages\/546"}],"collection":[{"href":"https:\/\/marktplatz-rabenberg.de\/index.php?rest_route=\/wp\/v2\/pages"}],"about":[{"href":"https:\/\/marktplatz-rabenberg.de\/index.php?rest_route=\/wp\/v2\/types\/page"}],"author":[{"embeddable":true,"href":"https:\/\/marktplatz-rabenberg.de\/index.php?rest_route=\/wp\/v2\/users\/2"}],"replies":[{"embeddable":true,"href":"https:\/\/marktplatz-rabenberg.de\/index.php?rest_route=%2Fwp%2Fv2%2Fcomments&post=546"}],"version-history":[{"count":4,"href":"https:\/\/marktplatz-rabenberg.de\/index.php?rest_route=\/wp\/v2\/pages\/546\/revisions"}],"predecessor-version":[{"id":561,"href":"https:\/\/marktplatz-rabenberg.de\/index.php?rest_route=\/wp\/v2\/pages\/546\/revisions\/561"}],"wp:attachment":[{"href":"https:\/\/marktplatz-rabenberg.de\/index.php?rest_route=%2Fwp%2Fv2%2Fmedia&parent=546"}],"curies":[{"name":"wp","href":"https:\/\/api.w.org\/{rel}","templated":true}]}}