{"id":555,"date":"2024-06-20T13:35:52","date_gmt":"2024-06-20T11:35:52","guid":{"rendered":"https:\/\/marktplatz-rabenberg.de\/?page_id=555"},"modified":"2024-07-02T10:43:28","modified_gmt":"2024-07-02T08:43:28","slug":"alles-neu-macht-der-juni","status":"publish","type":"page","link":"https:\/\/marktplatz-rabenberg.de\/?page_id=555","title":{"rendered":"Alles neu macht der Juli&#8230;"},"content":{"rendered":"\n<p>Seit der Bauzeit unseres Stadtteiles wurde die Natursteinumrandung des Hochbeetes neben Penny nicht mehr angefa\u00dft. Der Zahn der Zeit hatte hier zu sichtbaren Verschiebungen gef\u00fchrt. Der Erdboden arbeitet schlie\u00dflich immer. Nichts bleibt immer an seinem Platz.<\/p>\n\n\n\n<p>Vor diesem Hintergrund k\u00f6nnen wir dankbar sein, da\u00df der Gesch\u00e4ftsbereich Gr\u00fcn der Stadt Wolfsburg t\u00e4tig geworden ist. Nach pers\u00f6nlicher R\u00fcckfrage bei dem leitenden Mitarbeiter vor Ort soll die Umrandung des Hochbeetes von Grund auf neu aufgebaut werden, inklusive Fundament. Danach wird mit bewu\u00dft n\u00e4hrstoffarmen Substrat wieder aufgef\u00fcllt. Es folgt eine Neubepflanzung mit wechselnd bl\u00fchenden Stauden. Diese sollen mit ihren Wurzeln das gesamte Hochbeet auf der Suche nach N\u00e4hrstoffen in Besitz nehmen. Mit der Zeit verwandelt sich dieses so in ein Bl\u00fctenmeer anderer Art.<\/p>\n\n\n\n<p><strong>Ein Schotterbeet soll es definitiv nicht werden.<\/strong> N\u00e4hrstoffarmes Substrat h\u00f6rt sich f\u00fcr mich sehr nach (bl\u00fchender!) Savanne an. Lassen wir uns also \u00fcberraschen. Lob und Kritik bitte an den Gesch\u00e4ftsbereich Gr\u00fcn.<\/p>\n\n\n\n<p>Ausgef\u00fchrt werden die Arbeiten vom internen Ausbildungsbetrieb als praktische \u00dcbung; quasi als \u201eMeisterst\u00fcck\u201c. Dabei erinnere ich daran, da\u00df jeder seinen Beruf \u201evon der Pike auf gelernt\u201c haben sollte. Das braucht Zeit. In diesem konkreten Fall m\u00fcssen wir noch mit 3 bis 4 Wochen rechnen. Die Weitergabe von Wissen und praktischer Fertigkeiten von einer Generation zur n\u00e4chsten geschieht nicht \u00fcber Nacht.<\/p>\n\n\n\n<p>Bei der Bauzeit mu\u00df auch bedacht werden, da\u00df einzelne Steine der Umrandung und Gewegplatten gerissen sind. Ersatzbeschaffungen mit Patina kosten Zeit und Geld. Nagelneue Baustoffe w\u00fcrden auffallen. Aktiver Denkmalschutz ist nicht umsonst. Das Stichwort lautet hier \u201eHistorische Baustoffe\u201c.<\/p>\n\n\n\n<p>Ich finde es schade, da\u00df Bl\u00fchfl\u00e4chen sich nicht weiter durchsetzen konnten. An dieser exponierten Stelle ist dies nat\u00fcrlich gew\u00f6hnungsbed\u00fcrftiger als auf Gr\u00fcnstreifen mehrstreifiger Hauptverkehrsadern wie der Braunschweiger Stra\u00dfe. Trotzdem bitte ich zu bedenken, da\u00df reine Naturfl\u00e4chen keinerlei Pflege brauchen und einen wichtigen Beitrag f\u00fcr Natur- und Kiimaschutz leisten.<\/p>\n\n\n\n<p>Naturg\u00e4rten sehen sicher unordentlich aus. Doch Unordnung bedeutet auch Leben. Die Stadt Bad Saulgau in der N\u00e4he vom Bodensee hat daraus ein ganzes <a href=\"https:\/\/www.bad-saulgau.de\/tourismus\/natur\/biodiversitaetskonzept-stadt-bad-saulgau\/saeule-4\/\"  target=\"_blank\" rel=\"external nofollow\"  target=\"_blank\" rel=\"noreferrer noopener\"  class=\"wp-links-icon\">Konzept<\/a> erarbeitet und umgesetzt.<\/p>\n\n\n\n<p>Ich fordere daher nicht nur Anh\u00e4nger klassischer Gartengestaltung auf, sich mit wildwachsenden Pflanzen am Weges- und Stra\u00dfenrand n\u00e4her zu besch\u00e4ftigen. Wissen hat noch niemandem geschadet. Warum schaut man sich den Lieferanten des fertigen Johanneskraut- oder Brennnesseltees nicht aus n\u00e4chster N\u00e4he live an\u2026?<\/p>\n","protected":false},"excerpt":{"rendered":"<p>Seit der Bauzeit unseres Stadtteiles wurde die Natursteinumrandung des Hochbeetes neben Penny nicht mehr angefa\u00dft. Der Zahn der Zeit hatte hier zu sichtbaren Verschiebungen gef\u00fchrt. Der Erdboden arbeitet schlie\u00dflich immer. Nichts bleibt immer an seinem Platz. Vor diesem Hintergrund k\u00f6nnen wir dankbar sein, da\u00df der Gesch\u00e4ftsbereich Gr\u00fcn der Stadt Wolfsburg t\u00e4tig geworden ist. Nach pers\u00f6nlicher [&hellip;]<\/p>\n","protected":false},"author":2,"featured_media":0,"parent":0,"menu_order":0,"comment_status":"closed","ping_status":"closed","template":"","meta":[],"_links":{"self":[{"href":"https:\/\/marktplatz-rabenberg.de\/index.php?rest_route=\/wp\/v2\/pages\/555"}],"collection":[{"href":"https:\/\/marktplatz-rabenberg.de\/index.php?rest_route=\/wp\/v2\/pages"}],"about":[{"href":"https:\/\/marktplatz-rabenberg.de\/index.php?rest_route=\/wp\/v2\/types\/page"}],"author":[{"embeddable":true,"href":"https:\/\/marktplatz-rabenberg.de\/index.php?rest_route=\/wp\/v2\/users\/2"}],"replies":[{"embeddable":true,"href":"https:\/\/marktplatz-rabenberg.de\/index.php?rest_route=%2Fwp%2Fv2%2Fcomments&post=555"}],"version-history":[{"count":6,"href":"https:\/\/marktplatz-rabenberg.de\/index.php?rest_route=\/wp\/v2\/pages\/555\/revisions"}],"predecessor-version":[{"id":564,"href":"https:\/\/marktplatz-rabenberg.de\/index.php?rest_route=\/wp\/v2\/pages\/555\/revisions\/564"}],"wp:attachment":[{"href":"https:\/\/marktplatz-rabenberg.de\/index.php?rest_route=%2Fwp%2Fv2%2Fmedia&parent=555"}],"curies":[{"name":"wp","href":"https:\/\/api.w.org\/{rel}","templated":true}]}}